 first derivative of 375*d**2/2 + 2*d - 30. Let z be m(3). Suppose 4*i - 621 = z. Is i prime?
False
Let m = -43798 - -185155. Is m a composite number?
True
Suppose 5*a - 620569 = -2*q, 355259 = 3*q + a - 575549. Is q a composite number?
True
Let k(v) = 3*v - 2. Let c be k(4). Suppose 3*p + 4*o = 6, -50*o = -p - 45*o + 21. Suppose -c*w = -p*w - 1348. Is w a composite number?
False
Suppose -154484 = 5*i - 5*r - 504989, -3*i - r = -210287. Is i a prime number?
False
Suppose -46*w + 36 = -42*w. Suppose 0 = w*l - 2*l + 112. Is 2/8*l/(-4)*1259 a composite number?
False
Let w(j) be the second derivative of 1901*j**4/12 - 2*j**3/3 + 2*j**2 - 24*j + 2. Is w(1) a prime number?
True
Suppose 35*f - 31*f - 2842695 = -3*r, 9*f - 6396059 = -2*r. Is f prime?
False
Suppose 15557 + 68718 = 5*t + 5*d, -2*t + 33714 = d. Is t a prime number?
False
Let t be (2 - (-2)/(-2)*0) + 1. Suppose 4*u = 7 + 17. Is 239 + t + (-18)/u a composite number?
False
Let k be (-4 - 0 - -19605) + 3. Suppose 0 = h - 4*h - 4*t + k, 0 = -2*t + 4. Suppose 0 = -38*v + 42*v - h. Is v a prime number?
False
Suppose -42 = -4*a - 2. Let i(t) = -a - 7 - 3 - 109*t - 3. Is i(-4) prime?
False
Let t = 458 + -458. Suppose 4*o + 5*x - 6*x = 6067, t = 4*x - 4. Is o a prime number?
False
Let u = 217137 - 94163. Is u prime?
False
Let f(u) be the first derivative of 6*u**2 + u - 30. Let j be f(-4). Let i = 73 + j. Is i a composite number?
True
Let k be (-95)/(-57)*(-1 + -2)*1. Is ((-4)/k)/(2/10) - -2199 prime?
True
Is (-132)/154 + (1 - 8/7)*-6262283 prime?
True
Let b(o) = o**3 - 3*o**2 + 8. Let w be b(4). Let a(y) = 25*y**2 + 14*y - 41. Is a(w) a composite number?
True
Suppose 34*z = -101250 + 990316. Let k = z + -18402. Is k composite?
True
Let c(y) = 226957*y - 1440. Is c(5) composite?
True
Let x(r) = 4350*r**2 - 123*r + 854. Is x(7) prime?
False
Suppose 8*n = -5*n + 260. Let j be (-118732)/(-12) + (n/(-6) - -3). Suppose -2*b + j = 4*b. Is b composite?
True
Suppose 92*c = 87*c + 26760. Suppose 311*x - c = 303*x. Is x composite?
True
Let o(w) = 5*w + 23. Suppose 15 = 4*r + 4*n + 51, -5*n = 2*r + 33. Let j be o(r). Is 1671/((j - 6) + (-36)/(-8)) composite?
True
Suppose 5*v = -3*d + 2301, -20*d - 5*v = -21*d + 747. Let o = 2161 - d. Is o a composite number?
False
Suppose -k + 26 = 22. Suppose -t + 4756 = -3*d + 6*d, 0 = 3*t - k*d - 14281. Is t a composite number?
False
Suppose -4*s + 28 = 5*o - o, 2*o = 4*s + 26. Is 3*(2802/o + 1) prime?
True
Suppose 7*j + 28226 = 118113. Suppose 2*t - 8749 = 3*s + 4096, 2*t + s - j = 0. Is t prime?
True
Let j(q) = -105 + 639*q**2 - 631*q**2 + 16*q + 0. Is j(-40) composite?
True
Suppose 21*k + 39*k = 50*k + 130930. Is k a prime number?
True
Let x(y) = 1015*y**3 - 3*y**2 - 3*y + 2. Let b(t) = -1016*t**3 + 2*t**2 + 2*t - 1. Let k(o) = -3*b(o) - 2*x(o). Let w be k(1). Let n = w + -580. Is n prime?
False
Let h(c) = 93*c**2 - 8*c - 7. Let m be h(-5). Let r = -5390 - -5395. Suppose -r*z = -2*z + k - m, 4*z - 2*k = 3154. Is z composite?
False
Suppose -3*p + 5*p = -5*z - 266, -p = -4*z - 205. Let v = z - -319. Is v a prime number?
False
Suppose -k = -12 + 7. Suppose k*d + 5*f - 6610 = 0, 5*f + 2654 = 2*d + 2*f. Suppose -3*v - d = -7*v. Is v composite?
False
Let n(c) = -c**3 + 15*c**2 + 21*c + 14. Let t be n(16). Suppose 0 = -0*u + 3*u + 4*k - t, 0 = 5*u - 2*k - 174. Suppose 6*q + u = 7*q. Is q prime?
False
Let q(a) = a**3 + 12*a**2 + 12*a + 13. Suppose -49 - 17 = 6*o. Let l be q(o). Suppose -2*z = t + 4*t - 923, -l*z = 3*t - 553. Is t composite?
True
Let n = -849 + 1239. Is 1 + -1 + 3/(-3) + n a prime number?
True
Suppose 759*h - 756*h - 892958 = -2*b, -2*b + 892950 = h. Is b a composite number?
False
Let v(m) = 978*m - 2025. Is v(58) a composite number?
True
Suppose -7*g - 182542 = -3*r, -12*r - 243441 = -16*r - g. Is r a composite number?
False
Let g(k) = k**3 + 13*k**2 - 12*k - 10. Let a be g(-14). Let v = -30 - a. Let s(q) = 83*q + 39. Is s(v) prime?
False
Let u be 9 + 11/((-55)/20). Suppose 4870 = 2*a - 2*s, u*a = 7*a - s - 4872. Is a composite?
False
Let p(a) = a**2 - 23*a - 84. Let r be p(-3). Let t(y) = 246*y**2 - 45*y - 3. Is t(r) a composite number?
True
Suppose -2*r - v - 59 = 39, 2*v = -2*r - 102. Let p(x) = 12*x + 136. Let b be p(33). Let i = b + r. Is i a composite number?
True
Suppose -1901150 = -2*s - 3*x, -187*s = -192*s - 5*x + 4752865. Is s a prime number?
True
Let i(t) = 15*t**2 + 2*t. Suppose 3 = 5*q + c + 5, 2*q + 3*c - 7 = 0. Let b be i(q). Suppose -b*y = -17*y + 580. Is y composite?
True
Suppose -r - 632444 = -u, -641453 = -2*u + 3*r + 623444. Is u composite?
True
Suppose -5*w = -7*w - 64026. Is (w/9)/(-3 + 2) a composite number?
False
Suppose -3106 + 24176 = 14*m. Let q = 3492 - m. Is q prime?
True
Suppose -21*f + 19649085 = 17*f - 1258933. Is f a prime number?
True
Let t be 4/((12/82)/3). Suppose -p - 19036 = -4*s, -3*s - t*p = -83*p - 14277. Is s prime?
True
Let f = -659 - -1182. Suppose 3*k - 833 = f. Suppose -4*g = -k - 0. Is g a prime number?
True
Suppose 115*j - 21*j = -50*j + 279220752. Is j composite?
False
Let c(g) = -1692*g + 1285. Is c(-15) a composite number?
True
Let d be 4 - ((3 - (4 - 4)) + -5). Is ((-57927 - 1) + d)*2/(-4) a prime number?
True
Suppose 22*l - 2267588 = 1954190. Is l composite?
False
Suppose 9*w + 66 = 12*w. Suppose 19*k - w*k + 4641 = 0. Suppose 3*m - 4*i - k = 0, 3*i = 6*i - 12. Is m a composite number?
False
Let t(a) = -1611*a + 28. Suppose 2*w - 31 = 2*m + 7*w, 0 = 2*m - w + 1. Is t(m) a composite number?
False
Suppose 0*o = -4*o + 16. Let d(s) = -261*s + 109. Let f(b) = 131*b - 55. Let c(x) = -6*d(x) - 11*f(x). Is c(o) prime?
False
Let s be -1*32 - (-8 + 7). Let z = s - -33. Suppose i - 640 - 1963 = -3*y, -2*y + 1746 = -z*i. Is y a composite number?
True
Let b(m) = 709*m**3 - 2*m**2 + 9*m - 8. Let a be b(1). Let q = 3857 - a. Is q prime?
False
Let r(g) = 122*g**2 + 2*g + 193. Is r(15) a prime number?
True
Let z(q) = -q**2 + q + 2. Let x be z(-1). Suppose -4*u + 20 = x, 0*u + 113 = 2*j + 3*u. Let f = j - -30. Is f a composite number?
False
Suppose 0 = -l + 4*m, -3*l + m + 5 + 6 = 0. Suppose -5742 + 15912 = 2*s + 4*z, l*s = -2*z + 20322. Is s composite?
True
Suppose 5*g = 3*b + 2200, -2*g + 5*b + 480 + 381 = 0. Let h = g - -2. Is h a prime number?
False
Suppose 0 = -3*m + 19 + 26. Let g = m - 19. Let j(n) = -7*n**3 - n**2 + 2*n - 5. Is j(g) composite?
False
Suppose 0 = -125*m + 71826046 - 15659171. Is m prime?
False
Suppose 0 = -251*p + 257*p - 168. Let t(h) = 4*h - 81. Is t(p) a composite number?
False
Suppose 9*x - 19*x = -11720. Let b be ((-7428)/18)/((-4)/6). Let t = x - b. Is t composite?
True
Suppose -11 + 26 = 5*v. Suppose 21 = v*k + 15. Suppose -3*p - a = -572, -a + 178 - 561 = -k*p. Is p composite?
False
Let y be ((-6 + 2)/1 + -2)/2. Let n(c) = -2237*c + 110. Is n(y) a prime number?
False
Let d be 31/((-3)/(-390)*-2). Let n = 8506 + -4000. Let g = n - d. Is g composite?
False
Let q(c) = 3*c - 31. Let b be q(11). Let i(m) = -17*m**2 + 118 + b*m - m**3 + 24*m**2 - 8*m**2. Is i(0) a prime number?
False
Let x(a) = a**3 - 4*a**2 + 10*a - 19. Let f be x(3). Suppose 3*q - 26518 = -f*r, -5*r - 5*q - 53036 = -9*r. Is r composite?
False
Suppose -4*d = -5*z + 1297, -z - 3*z + 3*d + 1038 = 0. Suppose -m + 12 = -z. Let s = 578 + m. Is s prime?
False
Let v = -206 + 211. Suppose 9*m + 909 = 10*m - q, -2719 = -3*m + v*q. Is m a prime number?
False
Suppose 4*m + 5*w - 353223 = 246873, 0 = 3*m + w - 450061. Is m prime?
False
Let f(m) = -29*m**3 + 4*m**2 + m - 6. Suppose -2*x + 3*l = 8, 0*l = -2*l. Let d be f(x). Suppose 0 = 6*w - 4*w - d. Is w a composite number?
True
Let c = -20279 + 31577. Suppose 5*f - c = -2413. Is f composite?
False
Suppose -274*s - 47652 = -278*s. Suppose -3*c + g + 3*g + s = 0, g + 15871 = 4*c. Is c composite?
False
Is 25982568/120 + (-40)/(-25) composite?
False
Let l = 8 - 6. Let o be -6 - (5 - 6/l). Is 2 - 28/o*62 prime?
False
Suppose -486934 + 5167909 + 1535211 = 102*x. Is x a composite number?
False
Let d(c) = -c**3 + c**2 + 13*c - 11. Let z = 129 - 135. Is d(z) composite?
False
Is (-109367)/(-2) + 198/(-396) prime?
False
Let r = 553733 + -321187. Is r composite?
True
Suppose 2*n + 365 + 445 = 0. Let y be (340/(-6))/(54/n). Suppose 2*g - y = -o, 0*o - 2*o + 428 = 2*g. Is g composite?
False
Let o = 40